lculate the greatest common factor of p and 19.
19
Let d(q) = -37*q + 5. Let t be d(-5). Suppose 0 = 4*s + 4*j - 2*j - t, -s = -5*j - 75. Calculate the greatest common factor of 20 and s.
10
Let z be 6/2 - (6 + -8). Suppose -57 = z*q - 8*q. Calculate the greatest common divisor of q and 209.
19
Suppose 5*m + 175 = 10*m. Let a = m + -16. Calculate the highest common factor of a and 38.
19
Suppose 0 = -5*g + 2*g + 801. Suppose -3*o + g = 4*k + 2*o, -240 = -4*k + 4*o. Calculate the greatest common factor of 7 and k.
7
Let j(t) = -t**2 - 5*t - 1. Let d be j(-5). Let g = 5 - d. What is the greatest common divisor of g and 24?
6
Suppose -2 + 5 = s. Suppose 0 = -5*j + s + 17. What is the highest common factor of j and 2?
2
Let l = -27 + 67. Calculate the highest common divisor of 16 and l.
8
Suppose 19*r = 252 + 166. What is the greatest common divisor of r and 11?
11
Let p be 22/77 + 1 + (-6357)/(-21). What is the highest common factor of 16 and p?
16
Suppose -12 = -3*b + 2*j, 2*b - 21 = -j - 6. Calculate the greatest common factor of b and 2.
2
Let l = 34 - 24. What is the highest common divisor of l and 80?
10
Let k(p) = -6*p + p + 3*p**3 + 2*p + 2. Let z be k(2). Suppose w = -4*w + z. Calculate the highest common divisor of w and 16.
4
Let k(g) be the first derivative of -g**4/4 + g**3/3 + g**2/2 + 2*g + 4. Let h = -2 - 0. Let d be k(h). Calculate the greatest common factor of 108 and d.
12
Let u be 100*(-2 - -3)/2. What is the greatest common factor of 10 and u?
10
Suppose 0 = -3*h + 7*h - 48. Let j(f) = -4*f**2 + 2*f - 1. Let d be j(1). Let w(p) = p**2 - p. Let c be w(d). Calculate the highest common divisor of h and c.
12
Let o = -11 - -39. Let l = -19 + o. What is the highest common divisor of l and 1?
1
Suppose m + 90 = 3*m. Calculate the greatest common factor of 18 and m.
9
Suppose -2*v = -5*g + 12, 1 = -3*g - 4*v + 3. Suppose -2*t - 5*b = 78, b = -2*t + 3*b - 50. Let s = -21 - t. Calculate the highest common factor of s and g.
2
Suppose 4*r - 4*c + 0*c = 48, -5*r + 80 = -c. Calculate the highest common divisor of 136 and r.
17
Let o = 41 - 22. What is the highest common factor of o and 57?
19
Let x be 1/((-1)/(-28)*4). Calculate the highest common factor of x and 7.
7
Suppose -3 = 3*k - 0, 2*d + k = 17. Let h = -2 + d. What is the highest common factor of h and 1?
1
Let h = -3 + 11. Let v be 72/27*(-3)/(-2). What is the greatest common divisor of v and h?
4
Suppose 0 = 3*i + i - 80. Let y be 8/i + (-486)/(-10). Let h = 10 + -3. Calculate the highest common divisor of y and h.
7
Suppose 0 = -2*i + 3*i - 48. Suppose -7 - 77 = -7*b. Calculate the greatest common factor of b and i.
12
Suppose 1 = h, -5*m + 0*h = -h - 149. Let x be (-1 - 2/(-1)) + 19. What is the highest common divisor of x and m?
10
Let t = -58 + 83. Calculate the highest common factor of 10 and t.
5
Let n = -17 - -23. Calculate the highest common divisor of 54 and n.
6
Let h = -16 - -21. What is the greatest common divisor of h and 5?
5
Let n be 16/(-3)*90/(-3). What is the highest common factor of n and 32?
32
Let m(s) = -s**2 - 7*s + 3. Let t be m(-6). What is the greatest common divisor of t and 81?
9
Suppose -3*n + 47 + 184 = 0. Let y(l) = l**2 + 3*l. Let r be y(-4). Suppose f - 55 = -r*f. What is the highest common factor of f and n?
11
Let f(p) = -24*p - 3. Let o be f(-1). Calculate the greatest common factor of o and 189.
21
Let l(b) = b**3 + 8*b**2 - 9*b + 3. Let m be l(-9). Let y be 20/m*(-18)/(-12). Calculate the highest common factor of 10 and y.
10
Suppose 0 = -2*o - m + 1 - 2, 0 = 4*o + 3*m + 5. What is the highest common divisor of o and 19?
1
Let h = -3 + 42. Let t(u) = -u**3 - u**2 - 2*u + 2. Let a be t(-3). Calculate the highest common factor of h and a.
13
Let z(q) be the third derivative of 5*q**4/24 + 2*q**3/3 - q**2. Let i be z(4). Calculate the greatest common factor of i and 48.
24
Suppose -5*x + 5*z - 10 = 0, 0*z + z - 12 = -4*x. Let l(i) = -i - 2. Let p be l(-2). Suppose 5 = y - p*y. What is the highest common divisor of y and x?
1
Suppose 0*o + o = 14. Suppose -5*i - 18 + 4 = -u, 0 = u - 4*i - o. What is the highest common factor of 56 and u?
14
Suppose 5*p + 70 = 5*z - 0*z, -z = 2*p - 2. Calculate the highest common factor of z and 90.
10
Let c(i) = 14*i - 7. Let q be c(5). What is the greatest common divisor of q and 9?
9
Let a = 184 - 128. Let d = 25 + -17. What is the greatest common factor of d and a?
8
Let s(n) = n**3 - 13*n**2 + 13*n + 3. Let f be s(12). What is the highest common factor of 75 and f?
15
Suppose 0 = y - 4, -r + 2 - 16 = -4*y. Suppose -r*u + 12 = -u. Calculate the greatest common factor of 8 and u.
4
Let i(p) = -8*p - 2. Let h be i(-4). Let j(m) = 5*m - 2. Let b be j(2). Suppose 2 = y - b. Calculate the highest common factor of y and h.
10
Suppose 2*d = -15 - 97. Let m be 3*-1*d/21. Let s = 2 - 1. What is the highest common divisor of m and s?
1
Let m(z) be the third derivative of -5*z**4/8 - 5*z**3/6 + 2*z**2. Let r be m(-5). Let l be 1/(-3)*(-34 - 8). Calculate the highest common divisor of l and r.
14
Let x = 229 - 130. What is the greatest common divisor of x and 9?
9
Let a(c) = -c**3 - 5*c**2 + 2*c + 4. Suppose 5*u + 7 = 4*x + 39, u = -4*x - 32. Let l be a(x). Calculate the highest common factor of 20 and l.
20
Let y = 51 + -31. What is the highest common divisor of 12 and y?
4
Let l(h) = h**3 + 5*h**2 - 2*h**3 - 5 - 2*h + 0*h**3. Let p be l(4). Let d be -2 - (2/2 + -11 + -1). What is the greatest common divisor of p and d?
3
Let g be (-1)/5 - (-1504)/20. What is the greatest common divisor of 15 and g?
15
Suppose 0 = 8*r - 11*r, 2*b = -4*r + 108. Suppose -27 = -0*d - 2*d + 3*g, d = 4*g + 21. What is the highest common factor of b and d?
9
Let f(t) = t**3 - 21*t**2 - 21*t + 12. Let g be f(22). Suppose 0*k = k + 75. Let a = 126 + k. Calculate the highest common factor of a and g.
17
Let w = -31 + 52. What is the highest common factor of w and 14?
7
Let m = 2 + 50. What is the highest common divisor of 13 and m?
13
Let l be 4 - -1*76/8*10. Suppose 3*s - 1 = 8. Suppose -3*n + 29 = 2*r, 0 = n + s*r - 4 - 1. Calculate the greatest common divisor of l and n.
11
Let u(p) = -2*p**2 + 2*p + 1. Let j be u(-1). Let a = 7 + j. Suppose -2*l - 95 = -3*r, -r = -a*l - 3 - 12. What is the greatest common divisor of 5 and r?
5
Let z = -4 - -7. Suppose 7*f = z*f. Let b = 2 - f. What is the greatest common divisor of b and 18?
2
Let v = 153 - 93. Calculate the highest common divisor of v and 30.
30
Let d = 62 + -18. What is the highest common factor of d and 484?
44
Let v(l) = -112*l**3. Let a = 9 - 10. Let b be v(a). Calculate the greatest common divisor of 14 and b.
14
Let q = 4 + -4. Suppose 0 = -q*m - 3*m. Suppose 0*b - 4*b + 20 = m. Calculate the greatest common factor of 1 and b.
1
Let x be -1*(2 - 1) - 5. Let z = -3 - x. Suppose -z*u + 50 = 2*u. What is the highest common factor of 10 and u?
10
Let p = -5 - -9. Let j be (2/p)/((-3)/(-5682)). Suppose 2*k = -5*z - 321 + 1248, -3*k - j = -5*z. Calculate the greatest common divisor of z and 17.
17
Suppose 5*u - 9 = 26. What is the greatest common divisor of 49 and u?
7
Suppose -117 = -3*f + 3*j, -2*j - 112 = -4*f + f. Calculate the greatest common divisor of f and 85.
17
Let l be 88/40 - 4/(-5). Suppose l*w + 63 = 6*w. Calculate the highest common divisor of w and 7.
7
Let s(w) = -7*w - 49. Let z be s(-20). What is the greatest common divisor of 65 and z?
13
Let d = 2 - 0. Let v be (16/d - 1)*2. Calculate the highest common factor of 98 and v.
14
Suppose 2*l = -v - 0*v + 14, 0 = 4*v - 4*l - 20. Calculate the highest common divisor of v and 56.
8
Suppose 0 = 3*f - 5*f + 18. Let r be 39/f + (-3)/9. What is the highest common factor of r and 2?
2
Let a = -4 - 5. Let t(n) = n**2 + 7*n + 2. Let g be t(a). Calculate the highest common factor of 160 and g.
20
Suppose -14 = -4*y + 2*f, 3*y = -3*f + 4 - 7. Calculate the highest common divisor of 4 and y.
2
Let u(f) = -f**3 - 5*f**2 + 5*f + 3. Let s be u(-6). Calculate the highest common factor of 81 and s.
9
Suppose -45*t + 40*t + 20 = 0. Let y = -5 + 21. Calculate the greatest common divisor of y and t.
4
Let x(s) = -s + 60. Let v be x(-15). What is the highest common factor of v and 15?
15
Let l(f) = f - 6. Let o be l(8). Let j = o + -10. Le